13901530?
9
What is the hundred millions digit of 3622440666?
6
What is the hundred thousands digit of 355202926?
2
What is the tens digit of 83398094?
9
What is the hundreds digit of 73420381?
3
What is the tens digit of 1471714751?
5
What is the ten millions digit of 803872608?
0
What is the thousands digit of 10925350?
5
What is the thousands digit of 894541861?
1
What is the millions digit of 565731863?
5
What is the ten millions digit of 100939227?
0
What is the ten millions digit of 186880199?
8
What is the billions digit of 7027082760?
7
What is the hundreds digit of 417107010?
0
What is the hundreds digit of 1285638?
6
What is the ten millions digit of 530237677?
3
What is the units digit of 103493688?
8
What is the hundred thousands digit of 880979125?
9
What is the ten millions digit of 42213224?
4
What is the hundreds digit of 1186582082?
0
What is the ten millions digit of 603447077?
0
What is the millions digit of 1868444?
1
What is the thousands digit of 13148281?
8
What is the hundreds digit of 782560395?
3
What is the ten thousands digit of 680054916?
5
What is the hundred thousands digit of 53493534?
4
What is the thousands digit of 5745956?
5
What is the thousands digit of 772760455?
0
What is the thousands digit of 867812906?
2
What is the thousands digit of 493606025?
6
What is the millions digit of 2488502382?
8
What is the hundred thousands digit of 5417615715?
6
What is the millions digit of 2945383308?
5
What is the tens digit of 268024702?
0
What is the hundred thousands digit of 176365724?
3
What is the ten millions digit of 55371258?
5
What is the ten thousands digit of 55824224?
2
What is the ten millions digit of 279249781?
7
What is the units digit of 1086283390?
0
What is the ten millions digit of 93189341?
9
What is the ten thousands digit of 233577604?
7
What is the hundred thousands digit of 1296859251?
8
What is the millions digit of 1155149995?
5
What is the ten thousands digit of 110110661?
1
What is the hundred millions digit of 8583439450?
5
What is the hundred thousands digit of 1406175004?
1
What is the ten thousands digit of 1325280184?
8
What is the units digit of 460460834?
4
What is the billions digit of 2305123789?
2
What is the millions digit of 229994822?
9
What is the tens digit of 110593835?
3
What is the ten millions digit of 1830992048?
3
What is the tens digit of 2049905581?
8
What is the thousands digit of 704074642?
4
What is the hundred thousands digit of 112895350?
8
What is the hundreds digit of 36114573?
5
What is the hundred thousands digit of 95665285?
6
What is the units digit of 14637709?
9
What is the hundreds digit of 1723349514?
5
What is the ten millions digit of 1056614572?
5
What is the hundreds digit of 938099?
0
What is the hundred millions digit of 735758865?
7
What is the millions digit of 63770489?
3
What is the thousands digit of 121030361?
0
What is the ten thousands digit of 943130702?
3
What is the millions digit of 51948722?
1
What is the millions digit of 321902452?
1
What is the hundred millions digit of 307598622?
3
What is the hundred millions digit of 260682427?
2
What is the ten thousands digit of 453937343?
3
What is the tens digit of 91208814?
1
What is the units digit of 20797707?
7
What is the hundred thousands digit of 104850796?
8
What is the units digit of 59685366?
6
What is the units digit of 1034361635?
5
What is the hundred millions digit of 456653515?
4
What is the units digit of 1392065845?
5
What is the ten thousands digit of 25280111?
8
What is the millions digit of 1207698743?
7
What is the hundred millions digit of 142578686?
1
What is the tens digit of 423590482?
8
What is the ten millions digit of 139947022?
3
What is the ten millions digit of 24006912?
2
What is the ten thousands digit of 3254354315?
5
What is the units digit of 44921816?
6
What is the hundred thousands digit of 172209398?
2
What is the hundred thousands digit of 453955773?
9
What is the ten thousands digit of 6040301143?
0
What is the hundred thousands digit of 2530842607?
8
What is the hundred millions digit of 331677829?
3
What is the units digit of 32647814?
4
What is the units digit of 237720100?
0
What is the ten thousands digit of 218952773?
5
What is the hundred thousands digit of 533841292?
8
What is the hundred millions digit of 1372505853?
3
What is the millions digit of 33063660?
3
What is the units digit of 391814553?
3
What is the units digit of 146496462?
2
What is the ten thousands digit of 520228374?
2
What is the millions digit of 1118259113?
8
What is the tens digit of 8016991248?
4
What is the units digit of 31024601?
1
What is the millions digit of 568277423?
8
What is the millions digit of 49266548?
9
What is the millions digit of 396753520?
6
What is the hundred millions digit of 185546332?
1
What is the millions digit of 472212487?
2
What is the hundred millions digit of 447354862?
4
What is the hundred millions digit of 2298583333?
2
What is the units digit of 567241880?
0
What is the millions digit of 2381722628?
1
What is the millions digit of 129683586?
9
What is the hundreds digit of 18433197?
1
What is the ten thousands digit of 395855614?
5
What is the millions digit of 234024264?
4
What is the units digit of 3669085539?
9
What is the hundreds digit of 536579928?
9
What is the ten thousands digit of 5909973983?
7
What is the units digit of 120071351?
1
What is the millions digit of 520014926?
0
What is the ten millions digit of 53296489?
5
What is the ten thousands digit of 2079185552?
8
What is the ten thousands digit of 153240335?
4
What is the hundred thousands digit of 173522123?
5
What is the hundred millions digit of 1880558601?
8
What is the thousands digit of 28230084?
0
What is the hundred thousands digit of 15049855?
0
What is the hundred millions digit of 2493833936?
4
What is the ten millions digit of 595959413?
9
What is the millions digit of 195584366?
5
What is the hundred thousands digit of 2154945?
1
What is the hundreds digit of 137818339?
3
What is the tens digit of 527906349?
4
What is the ten millions digit of 108779939?
0
What is the tens digit of 397438336?
3
What is the thousands digit of 380279347?
9
What is the ten millions digit of 2886187167?
8
What is the thousands digit of 160036380?
6
What is the ten thousands digit of 139292834?
9
What is the millions digit of 1012562433?
2
What is the hundreds digit of 2304348102?
1
What is the ten thousands digit of 3965379782?
7
What is the tens digit of 4686490879?
7
What is the hundred thousands digit of 22637174?
6
What is the hundred millions digit of 1113498484?
1
What is the hundred millions digit of 112068784?
1
What is the ten millions digit of 42712317?
4
What is the millions digit of 1169683005?
9
What is the ten thousands digit of 1448159116?
5
What is the units digit of 3191981?
1
What is the thousands digit of 229930000?
0
What is the tens digit of 109331454?
5
What is the ten millions digit of 67315182?
6
What is the millions digit of 378484201?
8
What is the billions digit of 1014044372?
1
What is the hundred thousands digit of 48147934?
1
What is the tens digit of 305630853?
5
What is the ten thousands digit of 20661510?
6
What is the units digit of 118878622?
2
What is the thousands digit of 63647662?
7
What is the thousands digit of 385804054?
4
What is the ten millions digit of 1216180513?
1
What is the units digit of 322121828?
8
What is the tens digit of 718581668?
6
What is the millions digit of 252248280?
2
What is the tens digit of 575753553?
5
What is the ten thousands digit of 999030188?
3
What is the hundred millions digit of 608156735?
6
What is the tens digit of 2383885528?
2
What is the ten thousands digit of 952802161?
0
What is the tens digit of 129151162?
6
What is the hundreds digit of 395094146?
1
What is the hundred millions digit of 190707691?
1
What is the millions digit of 520242131?
0
What is the hundred thousands digit of 31996299?
9
What is the hundred millions digit of 2042547748?
0
What is the ten millions digit of 14765275?
1
What is the hundred thousands digit of 1331713?
3
What is the hundred thousands digit of 6665600836?
6
What is the billions digit of 9141019456?
9
What is the millions digit of 63786553?
3
What is the hun